n 82752 is divided by 2119?
111
Calculate the remainder when 109784674 is divided by 52.
38
What is the remainder when 886134 is divided by 155?
154
Calculate the remainder when 15388 is divided by 92.
24
What is the remainder when 1897602 is divided by 1837?
1818
What is the remainder when 280814 is divided by 620?
574
Calculate the remainder when 481924 is divided by 10040.
4
Calculate the remainder when 38405 is divided by 4721.
637
Calculate the remainder when 197529 is divided by 155.
59
Calculate the remainder when 210972234 is divided by 3195.
3189
Calculate the remainder when 1090807 is divided by 218158.
17
What is the remainder when 6246771 is divided by 2132?
11
What is the remainder when 103845 is divided by 5441?
466
What is the remainder when 1055123 is divided by 117233?
26
Calculate the remainder when 1677086 is divided by 26196.
542
Calculate the remainder when 2066622 is divided by 6150.
222
Calculate the remainder when 779855 is divided by 259901.
152
Calculate the remainder when 101597 is divided by 101491.
106
What is the remainder when 40925 is divided by 800?
125
What is the remainder when 16254697 is divided by 2933?
11
Calculate the remainder when 2800411 is divided by 567.
565
What is the remainder when 11736308 is divided by 692?
680
Calculate the remainder when 11498057 is divided by 429.
428
Calculate the remainder when 11591 is divided by 179.
135
What is the remainder when 224221 is divided by 483?
109
What is the remainder when 12818068 is divided by 103371?
64
Calculate the remainder when 129226 is divided by 25.
1
Calculate the remainder when 18158086 is divided by 2353.
2338
What is the remainder when 1260452 is divided by 103?
41
What is the remainder when 5313144 is divided by 505?
39
What is the remainder when 3905503 is divided by 168?
7
What is the remainder when 1384108 is divided by 125828?
0
Calculate the remainder when 970071 is divided by 1608.
447
What is the remainder when 10729 is divided by 403?
251
Calculate the remainder when 204619 is divided by 204534.
85
Calculate the remainder when 73028078 is divided by 63.
53
Calculate the remainder when 27429102 is divided by 1348.
1346
Calculate the remainder when 1837017 is divided by 102.
99
Calculate the remainder when 5972229 is divided by 4019.
4014
What is the remainder when 46796637 is divided by 132?
129
What is the remainder when 874610 is divided by 860?
850
Calculate the remainder when 50177151 is divided by 1693.
17
Calculate the remainder when 3550856 is divided by 282.
194
What is the remainder when 5284443 is divided by 48481?
14
What is the remainder when 38228249 is divided by 99?
92
What is the remainder when 256868559 is divided by 3158?
3155
Calculate the remainder when 1635445 is divided by 25.
20
Calculate the remainder when 887459513 is divided by 1614.
1613
Calculate the remainder when 27424648 is divided by 114.
10
What is the remainder when 7543094 is divided by 15394?
34
Calculate the remainder when 805029 is divided by 201178.
317
What is the remainder when 91883 is divided by 28575?
6158
Calculate the remainder when 41368 is divided by 10199.
572
What is the remainder when 229756 is divided by 424?
372
Calculate the remainder when 23286 is divided by 16.
6
What is the remainder when 18711428 is divided by 3118552?
116
Calculate the remainder when 11537574 is divided by 1033.
1030
What is the remainder when 2474853 is divided by 5020?
5013
Calculate the remainder when 1297746 is divided by 13954.
24
Calculate the remainder when 927654 is divided by 777.
693
Calculate the remainder when 290891 is divided by 3681.
92
What is the remainder when 145497564 is divided by 1409?
1406
Calculate the remainder when 1351090 is divided by 19581.
1
What is the remainder when 164943687 is divided by 2135?
2127
Calculate the remainder when 78797475 is divided by 26265818.
21
Calculate the remainder when 228204234 is divided by 1868.
14
Calculate the remainder when 15674 is divided by 67.
63
Calculate the remainder when 125224 is divided by 1571.
1115
Calculate the remainder when 76149583 is divided by 11386.
15
What is the remainder when 90485592 is divided by 51?
15
Calculate the remainder when 203592 is divided by 212.
72
Calculate the remainder when 35493 is divided by 1469.
237
Calculate the remainder when 37902019 is divided by 10.
9
What is the remainder when 189595 is divided by 37760?
795
What is the remainder when 1813600 is divided by 1218?
1216
Calculate the remainder when 6081 is divided by 5548.
533
What is the remainder when 505845 is divided by 50578?
65
Calculate the remainder when 252280 is divided by 3520.
2360
What is the remainder when 1257300 is divided by 145?
5
What is the remainder when 2969344 is divided by 989732?
148
Calculate the remainder when 2035999 is divided by 250.
249
Calculate the remainder when 747117 is divided by 808.
525
What is the remainder when 37929107 is divided by 13147?
12
What is the remainder when 21481218 is divided by 107406?
18
Calculate the remainder when 4891477 is divided by 71.
3
What is the remainder when 6611885 is divided by 12570?
65
Calculate the remainder when 15694899 is divided by 105.
24
What is the remainder when 267452 is divided by 267432?
20
Calculate the remainder when 234943 is divided by 2080.
1983
Calculate the remainder when 59330 is divided by 1259.
157
What is the remainder when 199423 is divided by 5865?
13
What is the remainder when 15229215 is divided by 634549?
39
Calculate the remainder when 83438217 is divided by 2291.
2288
Calculate the remainder when 1348361 is divided by 7368.
17
Calculate the remainder when 11898606 is divided by 3332.
34
What is the remainder when 51072881 is divided by 119051?
2
Calculate the remainder when 781008 is divided by 403.
397
What is the remainder when 3625874 is divided by 604312?
2
Calculate the remainder when 595495 is divided by 653.
612
What is the remainder when 27725855 is divided by 23?
22
What is the remainder when 85159432 is divided by 28386477?
1
What is the remainder when 21387320 is divided by 62536?
8
Calculate the remainder when 70085920 is divided by 2332.
2324
Calculate the remainder when 1887854 is divided by 52.
46
Calculate the remainder when 11542714 is divided by 5771354.
6
Calculate the remainder when 2608570597 is divided by 100.
97
Calculate the remainder when 9859 is divided by 1372.
255
Calculate the remainder when 32025 is divided by 375.
150
What is the remainder when 3256316 is divided by 2039?
33
What is the remainder when 99450930 is divided by 21?
12
What is the remainder when 70104888 is divided by 69?
60
Calculate the remainder when 116858247 is divided by 31.
27
Calculate the remainder when 65979967 is divided by 3.
1
What is the remainder when 1873811 is divided by 394?
341
What is the remainder when 961561 is divided by 480774?
13
What is the remainder when 40010881 is divided by 3206?
1
Calculate the remainder when 36468523 is divided by 830.
813
What is the remainder when 7830600 is divided by 7830313?
287
Calculate the remainder when 5076856 is divided by 5076808.
48
Calculate the remainder when 55404498 is divided by 80.
18
What is the remainder when 199178 is divided by 4817?
1681
What is the remainder when 1061689 is divided by 100?
89
Calculate the remainder when 1479173 is divided by 199.
6
Calculate the remainder when 379821 is divided by 7211.
4849
Calculate the remainder when 7704610 is divided by 57.
34
What is the remainder when 20478254 is divided by 2121?
2120
Calculate the remainder when 2995630 is divided by 499223.
292
What is the remainder when 4750215 is divided by 18?
15
What is the remainder when 224144 is divided by 44828?
4
What is the remainder when 1387179 is divided by 479?
474
What is the remainder when 32430185 is divided by 607?
603
Calculate the remainder when 276001065 is divided by 3839.
3838
Calculate the remainder when 83762 is divided by 1876.
1218
What is the remainder when 1079800 is divided by 404?
312
Calculate the remainder when 13054938 is divided by 1919.
1900
What is the remainder when 230154 is divided by 239?
236
What is the remainder when 7511583 is divided by 120?
63
What is the remainder when 20900874 is divided by 1914?
1908
Calculate